Let r = -38224 - -59507. Is r a composite number?
False
Suppose -2*l = 12, -607*o + 96543 = -604*o - 5*l. Is o a composite number?
True
Suppose 19*t - 50 = 9*t. Suppose 0 = -t*r + n + 40291, 0 = -r - 28*n + 32*n + 8043. Is r a composite number?
False
Let r = -310250 + 595351. Is r a prime number?
True
Let p = 28065 + -7216. Is p prime?
True
Let m = -3333 + 8118. Suppose -g - 2*r = -m, g + 5*r - 1751 = 3037. Is g a composite number?
False
Let w = -3505 - -13446. Is w a prime number?
True
Let i(z) = 430*z - 7. Let v = 5 - -6. Suppose 5*a + v*a = 48. Is i(a) a composite number?
False
Suppose -25 = i + 4*a - 17, 5*a + 31 = 4*i. Suppose g - 8*l + i*l = 1019, 3*l = -5*g + 5003. Is g a composite number?
True
Suppose -274878 = -24*r + 18*r - 2*a, -183268 = -4*r - 4*a. Is r a prime number?
False
Suppose 0 = -3*z - 30*z + 155991. Let l = 13434 - z. Is l a prime number?
True
Let j(r) be the first derivative of -13*r**4 - r**3 - 2*r**2 - 8*r + 38. Is j(-3) composite?
False
Let b be 242/(-55) + (-2)/(-5). Let w be b*(-1 + (-35)/(-20)). Is -31*w*7/3 composite?
True
Let s = 8832 - -1. Let i = s - 242. Suppose -2*r = -3*b - 3194, -5*r + b - 619 = -i. Is r a prime number?
False
Suppose -s = 8*s - 36. Let t be 5 + 1 + (-13 + -3)/s. Suppose t*l - 8223 = -l. Is l a composite number?
False
Let k(l) = -15*l - 390. Let z be k(-30). Is 2454/20*122 - z/150 composite?
False
Suppose -72*g + 147*g - 724766 = 61*g. Is g a composite number?
False
Suppose -6*s + 39195 = -11*s. Let t = -3010 - s. Is t composite?
True
Let v = 15312 - 58926. Let a = -28711 - v. Is a a composite number?
True
Let s = 176 + -173. Is (s + 2)*(-17211)/45*-3 a composite number?
False
Let u(v) = 5878*v - 567. Is u(15) prime?
False
Let l be (-170)/(-40) + 6/8. Is -4 + (3957 + l)*(-3)/(-2) a composite number?
False
Let j(m) = -m**3 - 9*m**2 - 3*m - 22. Let t be j(-9). Suppose -4*v = u - 4927, 3*v + 14731 = 3*u + t*v. Is u a prime number?
False
Suppose 0 = 2*d - d - 1. Let s(p) = -p + 6. Let y be s(d). Suppose 141 - 575 = -a - 3*x, 4*a - y*x - 1668 = 0. Is a composite?
True
Suppose -17*t + 496915 = 25*t + 73*t. Is t prime?
False
Suppose 0 = -3*n + 6, 0*s - 4*n = 4*s - 3672340. Is s a composite number?
True
Is (5005068/(-48))/(5/(-20)) composite?
False
Let d = 677 + -192. Suppose 0 = 39*m - 123*m + 205632. Suppose -y + m = -d. Is y composite?
True
Let o(u) = -14*u**2 - 7*u + 11. Let b be o(-6). Let w = 985 + b. Suppose h = w + 337. Is h a composite number?
True
Let y be (9/8 - 1) + 3008/512. Suppose 341143 = y*x - 72095. Is x a composite number?
True
Let h(n) = 3*n**3 + 36*n**2 + 19*n - 83. Let y(i) = -4*i**3 - 36*i**2 - 18*i + 84. Let f(w) = 3*h(w) + 2*y(w). Is f(-35) composite?
False
Is 12/(6 + -12)*-72785 + 7 prime?
True
Let g(r) = 7*r + 64383. Let u be g(0). Suppose 7*d - u = 2306. Is d prime?
False
Suppose -20 = -6*k + 10. Let c(j) = 52*j + j + 2 + 13*j + k. Is c(10) a composite number?
True
Let p(b) = b**3 - 5*b**2 + 2*b + 5. Let f be p(5). Suppose d + 4*d = -3*i + 57291, 5*d + 5*i - 57295 = 0. Suppose 6*x = f*x - d. Is x a prime number?
False
Suppose 0 = -2*m - 6*m + 2792. Suppose -64 - m = -c. Suppose 3*l - c = 5*q, 3*l + q - 195 = 230. Is l prime?
False
Let t(b) = b**3 + 6*b**2 - 18*b - 11. Let j be t(-8). Suppose j = 4*d + d. Is (-293)/((1 + -2)*d) composite?
False
Suppose -3083790 = -46*g + 27*g - 11*g. Is g composite?
False
Suppose 0 = -24*h - 4 + 100. Suppose -v + 5619 = 5*i, -22514 = -h*v - 17*i + 16*i. Is v composite?
True
Suppose -7*i - 40 = -2*i. Is 6 + (2 + i - -323) a composite number?
True
Suppose 14838 = -5*y + 54433. Let j = y - -2088. Is j a prime number?
True
Let m(p) = 2136*p**2 - 14*p + 29. Let u(h) = h**2 - 29*h - 28. Let i be u(30). Is m(i) composite?
True
Suppose 259 - 214 = 15*f. Let o be 1 + -1 + 0/(-2). Suppose 1012 = f*b - a + 2*a, o = 2*b - 5*a - 669. Is b prime?
True
Suppose 483*x - 52*x + 7*x - 127993674 = 0. Is x a prime number?
True
Let h(q) = q**2 - 721*q + 329839. Is h(0) a composite number?
True
Suppose 16 = 4*p, -5*p = 2*w - p - 1020. Let b(t) = 54*t + 127. Let o be b(-2). Suppose -17*n = -o*n + w. Is n a composite number?
False
Let x(c) be the third derivative of 73*c**5/12 - c**4/24 - c**3/6 - 4*c**2 + 11. Is x(3) a composite number?
True
Let y = 537657 + 172142. Is y prime?
True
Suppose 5*l + 8784 = 11*l. Suppose 3*v - l = 147. Suppose v = -0*w + 3*w. Is w composite?
False
Let q = 406251 - 240949. Is q a composite number?
True
Suppose -99*t - 96*t = -165*t - 4728810. Is t composite?
False
Let t(p) = 24*p**2 - 20*p - 10. Let w be t(10). Let a = w + -1517. Is a a composite number?
False
Let v(t) = 2*t**2 + 22*t - 12. Let w be v(-12). Is w/18*-1 + (-14585)/(-3) a prime number?
True
Suppose -3*f - 9*f = 6*f - 546138. Is f composite?
False
Suppose 0 = 46*m - 56*m - 70. Is 1/((m + 4)/6) + 1645 a prime number?
False
Let a = -1546656 + 2907009. Is a composite?
True
Suppose -5*b = -2*t - 4041713, -7*b + 5*b + t = -1616685. Is b prime?
True
Let f(l) = l**2 + 43*l + 217. Let y be f(-37). Let m(v) be the third derivative of v**5/6 + 11*v**4/24 + 2*v**3/3 - v**2. Is m(y) a prime number?
True
Let w = 21 + -19. Suppose -224 = w*b + 500. Let q = b - -660. Is q a composite number?
True
Let o(s) = 2*s**2 + 9*s + 8. Suppose -3*n - 4 = -2*n. Let j be o(n). Suppose -1053 = -7*d + 2*d - 2*k, j*d = 3*k + 847. Is d prime?
True
Suppose -w - 5*b + 7*b = -6380, 2*b = 0. Suppose 20370 = 10*f + w. Is f composite?
False
Let t(u) = 32 + 2 - 11 - 204*u. Let d be t(-5). Suppose -d = -6*a - 173. Is a a composite number?
True
Suppose -150 = m + 471. Is (-235497)/m - (4/18 - 0) prime?
True
Let r(k) = -7078*k - 13. Let p = -669 + 667. Is r(p) prime?
True
Let f = -141 - -206. Suppose -f*l + 114127 = -52*l. Is l composite?
False
Let b be (1 + (-49488)/40)*-5. Suppose 2*u = -2*j + 9460, -j = -2*u + b + 3270. Is u a composite number?
True
Let u(m) = -3143*m**3 + 6*m**2. Let p(a) = -3142*a**3 + 7*a**2. Let t(d) = -5*p(d) + 6*u(d). Is t(-1) a composite number?
True
Let y = 83117 - 46704. Is y composite?
True
Let c = -36 - -41. Suppose c*y = 2*n + 31 - 5, -y = n - 8. Is (7 - y)/((-1)/(-19)) a composite number?
False
Let j be ((-33)/(-5) + 1)/(4/10). Suppose -59468 = -j*h + 15*h. Is h prime?
True
Is -2*(-1149340)/32 + 54/(-72) composite?
True
Is 1*(5/(-10) + 1419915*3/6) a composite number?
False
Let g(f) = -f**3 - 9*f**2 + f - 3. Let y(q) = -2*q**3 - 19*q**2 + q - 6. Let t(p) = 9*g(p) - 4*y(p). Let z be t(-6). Suppose z*o - 18650 = -7*o. Is o prime?
False
Suppose 584*m - 559*m = -140273 + 3268348. Is m a composite number?
True
Suppose 2*d = -5*w + 416014, -d + 160893 = -3*w - 47114. Is d a composite number?
True
Suppose 0 = -13*l + l - 252. Let v be (14/l)/((-4)/30). Suppose -4*p - 7717 = -v*j, 5*p - 1526 = -3*j + 2*j. Is j prime?
False
Suppose 22*x = 20*x - b + 657235, 0 = 8*b + 24. Is x a prime number?
True
Suppose -64290676 = 120*m - 292*m. Is m prime?
True
Let w be 4/(-6)*(30 - (-1 - -1)). Is (-10762)/(-6 - w/5) a prime number?
True
Suppose -4*i + 353*n + 509396 = 349*n, n = 5*i - 636721. Is i composite?
False
Let s(c) = -14*c**3 + 71 - 2*c**2 + c**2 - 39 - 5*c**2 + c. Let t be s(-9). Is t/4 + 1 - (-2)/8 composite?
False
Let f(v) = 88*v + 15. Let z(i) = 44*i + 8. Let h(u) = -3*f(u) + 5*z(u). Let q be h(-13). Let a = q - 308. Is a a prime number?
False
Let c(n) = 10*n**3 - 91*n**2 + 66*n + 146. Is c(31) prime?
True
Let d(y) = 18*y**3 + 3*y**2 + 12*y + 8. Let z be d(7). Let x = -3670 + z. Is x a composite number?
True
Suppose -2*o + 3486 = 5*f, -4*o + 3*f + 6972 = 7*f. Let v = 2680 - o. Is v a composite number?
False
Suppose 156*a - 77049351 = -15*a. Is a a prime number?
True
Let q be (-8)/(-10)*(-95)/19. Is 2/(-1) - 724/q a prime number?
True
Let g = 30349 - -133814. Is g a composite number?
True
Let x(l) = l**2 - 8*l + 18. Let i be x(5). Let p be (-3 + 3)/(i/(-1)). Suppose -7*n + 41 + 4026 = p. Is n a composite number?
True
Let i(y) = 3*y**3 - 153*y**2 + 97*y - 349. Is i(66) composite?
True
Let a(j) = -1019*j**2 - 10*j + 18. Let q be a(4). Let h = 2707 - q. Is h prime?
False
Let b be ((-345)/4)/((-4)/(-48)). Suppose 20*p + 10920 = 5*p. Let f = p - b. Is f a composite number?
False
Suppose -5*c - 2929 - 3251 = 0. Let l = c - -2362. Is l composite?
True
Let k(v) = 27*v**3 - 2*v**2 + v + 13. Let f